= r**2 - 9599*r + 15. Calculate f(0).
15
Let y(d) = -39*d**2 + 2. Determine y(-2).
-154
Let v(j) = 35*j + 295. Calculate v(-11).
-90
Let i(l) = -2*l**2 - 240*l - 6805. Determine i(-46).
3
Let z(g) = -g**3 - 65*g**2 + 195*g - 91. Determine z(-68).
521
Let w(h) = h**3 - 19*h**2 + 29*h + 109. Give w(17).
24
Let q(c) = 34*c + 689. Give q(-16).
145
Let p(b) = -b**2 - b + 155. Determine p(-12).
23
Let l(n) = 824*n + 15662. What is l(-19)?
6
Let c(q) = -q**2 + 574*q - 3433. What is c(6)?
-25
Let f(a) = 38*a - 535. Give f(0).
-535
Let u(j) = 4*j**2 - 99*j + 1025. Give u(11).
420
Let d(p) = 2*p**3 + 12*p**2 - 47*p - 287. What is d(-6)?
-5
Let a(c) = -250*c + 10759. Give a(43).
9
Let i(x) = x**3 + 5*x**2 - 6*x - 26. What is i(-4)?
14
Let y(a) = -6*a**2 - 87*a - 47. Calculate y(-14).
-5
Let m(l) = 191*l - 133. What is m(1)?
58
Let a(x) = -30*x**3 - 91*x**2 + 66*x + 214. Give a(-3).
7
Let t(h) = 15*h**3 + 5*h**2 + 4*h - 2. Calculate t(-2).
-110
Let k(v) = 4*v**2 - 286*v - 2525. What is k(-8)?
19
Let y(z) = z**3 + 38*z**2 - 76*z + 248. Calculate y(-40).
88
Let g(j) = 17*j**3 - 8*j**2 + 12*j - 2. Give g(3).
421
Let a(u) = u**3 - 12*u**2 + 3*u - 75. Determine a(15).
645
Let r(n) = -n**2 + 21*n + 879. What is r(-17)?
233
Let p(v) = 2*v**3 - 165*v**2 - 181*v - 5954. Give p(84).
10
Let l(z) = 19*z**3 + 4*z**2 - 56*z - 122. Calculate l(-2).
-146
Let a(y) = -y**3 + y**2 + 271*y + 1008. Determine a(-4).
4
Let h(m) = -m**3 - 13*m**2 + 118*m + 1528. Calculate h(-13).
-6
Let g(u) = -2*u**3 + 13*u**2 + 11*u - 23. Give g(7).
5
Let b(l) = 240*l - 1189. Determine b(5).
11
Let w(p) = p**2 - 21*p - 345. Determine w(-10).
-35
Let b(t) = -t**2 - 150*t - 1456. Calculate b(-141).
-187
Let b(o) = -17*o - 7. What is b(1)?
-24
Let i(w) = 2*w**3 + 22*w**2 - 86*w - 737. What is i(-12)?
7
Let z(p) = -4*p**2 - 101*p - 144. What is z(-21)?
213
Let i(w) = 5*w - 48. What is i(-24)?
-168
Let p(a) = 11*a**2 - 34*a - 335. Calculate p(-7).
442
Let l(f) = 108*f**3 - f**2 - 4*f - 4. Calculate l(-1).
-109
Let b(n) = 2*n**2 - 295*n - 3142. Give b(-10).
8
Let d(p) = 11*p**2 - 846*p - 17. Calculate d(77).
60
Let c(l) = l**2 - 44*l - 998. Calculate c(-15).
-113
Let l(f) = 2*f - 56. Calculate l(35).
14
Let c(u) = 8*u**2 + 148*u + 806. Give c(-6).
206
Let w(b) = -b**3 - 32*b**2 + 189*b + 17. What is w(5)?
37
Let x(h) = -51*h**3 + 6*h**2 - 50*h + 49. Give x(1).
-46
Let h(u) = 3*u**3 + 13*u**2 - 16*u - 61. Calculate h(-6).
-145
Let c(o) = 221*o + 1098. What is c(-5)?
-7
Let r(w) = 5*w**3 - 4*w**2 + w + 16. Give r(-3).
-158
Let m(c) = -24*c**2 - 166*c - 334. Calculate m(-2).
-98
Let o(g) = 7*g**3 - 1814*g**2 + 253*g + 1555. Give o(259).
1
Let q(k) = 57*k + 8935. Calculate q(-157).
-14
Let t(a) = 3*a**2 - 155*a + 227. Determine t(50).
-23
Let v(w) = -380*w + 2317. Determine v(6).
37
Let r(n) = 4*n**3 + 126*n**2 - 66*n - 57. Determine r(-32).
7
Let z(f) = -f**2 - 27*f - 140. Calculate z(-19).
12
Let v(u) = u**3 + 7*u**2 + 9*u + 9. Give v(-6).
-9
Let m(b) = 186*b + 612. What is m(-4)?
-132
Let h(c) = c**3 - 16*c**2 - 6*c + 55. Determine h(18).
595
Let h(w) = -2042*w + 20463. Determine h(10).
43
Let d(h) = -h**3 - 8*h**2 + 4*h + 15. What is d(-7)?
-62
Let s(y) = y**3 - 9*y**2 + 622*y - 4243. Determine s(7).
13
Let x(w) = 29*w + 1273. Give x(-45).
-32
Let v(r) = 62*r + 1245. Give v(-20).
5
Let b(x) = 8*x - 282. Give b(33).
-18
Let x(u) = -u**3 - 8*u**2 + 8*u - 98. Calculate x(-10).
22
Let d(l) = l**2 + 77*l - 355. Determine d(-73).
-647
Let p(i) = -58*i**2 + 4354*i - 305. Calculate p(75).
-5
Let i(x) = x**2 + 34*x - 280. What is i(9)?
107
Let p(g) = g**2 - 16*g - 702. Give p(-20).
18
Let x(n) = -10*n + 190. Calculate x(20).
-10
Let b(w) = 49*w + 574. What is b(-12)?
-14
Let l(t) = -1742*t + 34848. Determine l(20).
8
Let b(p) = -2*p**2 + 22*p + 168. Calculate b(16).
8
Let c(g) = g**3 + 22*g**2 - 3*g - 126. What is c(-22)?
-60
Let p(k) = -18*k + 67. Determine p(7).
-59
Let s(c) = 47*c**3 + 988*c**2 + 22*c + 27. Determine s(-21).
6
Let o(s) = 309*s - 2788. What is o(9)?
-7
Let r(f) = -f**3 + 39*f**2 - 166*f - 170. Give r(34).
-34
Let m(l) = 118*l + 455. Determine m(-5).
-135
Let d(p) = -p**3 - 28*p**2 + 120*p - 1. What is d(4)?
-33
Let d(u) = u**2 + 188*u + 898. Give d(-183).
-17
Let d(z) = -14*z + 255. Calculate d(18).
3
Let z(v) = 10*v**2 - 925*v + 461. Give z(92).
1
Let g(o) = -o - 32. Give g(15).
-47
Let t(w) = 63*w**2 + 5*w + 5. What is t(-1)?
63
Let o(x) = 31*x**3 - x**2 + 25*x - 26. Determine o(1).
29
Let g(r) = -12*r**3 + 203*r**2 + 21*r - 122. Give g(17).
-54
Let f(c) = 2*c**2 + 149*c + 293. Determine f(-72).
-67
Let j(d) = 1770*d + 14217. Calculate j(-8).
57
Let p(v) = -16*v - 1500. Calculate p(-94).
4
Let l(h) = -9*h + 2. Determine l(-8).
74
Let w(v) = -v**3 - 26*v**2 - 70*v - 256. Calculate w(-22).
-652
Let m(a) = -25*a - 53. Determine m(-3).
22
Let v(x) = x**3 - 22*x**2 + 76*x - 347. Calculate v(19).
14
Let p(l) = -l**3 - 7*l**2 + 7*l + 116. Determine p(-7).
67
Let w(o) = -133*o**3 + 928*o**2 + 19*o + 12. What is w(7)?
-2
Let r(i) = i**2 + 800*i + 4762. Give r(-6).
-2
Let y(g) = 49*g - 1457. Calculate y(28).
-85
Let k(g) = -4*g**3 + 236*g**2 - 238*g + 353. Give k(58).
5
Let p(l) = l**3 - 2*l**2 - 7*l + 22. What is p(2)?
8
Let p(o) = -29*o**2 - 900*o - 20. Give p(-31).
11
Let c(n) = n**2 - 18*n - 102. What is c(14)?
-158
Let l(a) = 25*a + 586. Give l(-21).
61
Let o(x) = 3006*x + 39085. Determine o(-13).
7
Let c(q) = -2*q**3 + 26*q**2 + 73*q - 2. Calculate c(16).
-370
Let p(k) = -15*k**2 + 327*k + 82. Determine p(22).
16
Let i(f) = 4*f**2 - 86*f + 366. Determine i(6).
-6
Let z(s) = s**3 + 11*s**2 + s + 21. What is z(-11)?
10
Let d(v) = v**3 + 40*v**2 + 145*v + 43. Calculate d(-36).
7
Let i(w) = -101*w + 704. What is i(7)?
-3
Let p(d) = d**2 + 111*d + 2329. Determine p(-83).
5
Let p(u) = -14*u**3 + u**2 - 14*u + 31. What is p(2)?
-105
Let x(a) = 3*a**3 - 216*a**2 + 10. Calculate x(72).
10
Let p(y) = -2*y**3 + 165*y**2 + 262*y - 840. What is p(84)?
0
Let l(k) = 3*k**2 + 82*k - 70. Determine l(-27).
-97
Let a(m) = 2*m**2 - 120*m - 682. Determine a(-5).
-32
Let k(u) = 103*u**2 - 5*u + 4. Determine k(1).
102
Let l(m) = -m**3 - 17*m**2 - 27*m - 393. What is l(-16)?
-217
Let f(i) = 5*i**2 - 157*i - 258. Calculate f(33).
6
Let f(m) = m**3 - 13*m**2 + 4*m + 20. Determine f(0).
20
Let q(r) = 112*r + 561. Determine q(-6).
-111
Let m(t) = -91*t + 12. What is m(-1)?
103
Let y(v) = -v**3 + 20*v**2 - 103*v + 17. Calculate y(12).
-67
Let r(w) = -195*w**3 + 3*w**2 + 5*w + 3. Calculate r(-1).
196
Let c(d) = d**2 - 66*d + 446. Calculate c(7).
33
Let y(z) = -5*z + 43. Give y(6).
13
Let q(n) = n**3 + 62*n**2 - 119*n + 585. Give q(-64).
9
Let i(q) = -8*q**2 + 28*q - 57. What is i(6)?
-177
Let q(w) = -w**3 + 14*w**2 + 32*w + 69. Determine q(16).
69
Let d(a) = -a**3 + 11*a**2 + 27*a - 23. What is d(13)?
-10
Let u(y) = -19*y**2 + 542*y - 62. What is u(27)?
721
Let t(u) = 3*u**2 + 366*u - 3107. Give t(-130).
13
Let n(v) = 9*v**2 + 233*v + 406. Determine n(-24).
-2
Let n(q) = 27*q + 41. Determine n(-5).
-94
Let c(p) = -16*p**3 - 13*p + 26. Calculate c(2).
-128
Let s(c) = -c**2 + 21*c - 31. Calculate s(1).
-11
Let g(d) = -2*d**3 - 45*d**2 + 874*d - 35. Determine g(-35).
0
Let o(i) = 2*i**3 - 187*i**2 - 96*i + 191. Calculate o(94).
3
Let s(m) = -273*m + 768. Determine s(3).
-51
Let r(a) = a**3 - 4*a**2 - 7*a - 6. What is r(9)?
336
Let b(s) = -1078*s - 10781. What is b(-10)?
-1
Let x(j) = j**3 - 8*j**2 + 13*j - 22. Calculate x(6).
-16
Let j(v) = -2*v**3 - 15*v**2 - 41*v - 9. What is j(-4)?
43
Let b(k) = -11*k**2 + 911*k + 163. Determine b(83).
-3
Let d(o) = -487*o + 36035. What is d(74)?
-3
Let h(p) = 270*p + 23216. What is h(-86)?
-4
Let p(t) = -12*t - 83. Calculate p(-9).
25
Let h(k) = -3*k**3 - 22*k**2 - 10*k - 27. Determine h(-7).
-6
Let w(x) = -1850*x + 7395. Give w(4).
-5
Let l(j) = -2*j**2 - 168*j + 405. Give l(-86).
61
Let o(i) = i**3 + 213*i**2 + 9088*i + 303. Determine o(-154).
-5
Let f(b) = 99*b**2 + 9*b + 8. Give f(-2).
386
Let d(i) = -8*i**3 - 7*i**2 + 6. What is d(-3)?
159
Let j(l) = -130*l - 8321. Give j(-64).
-1
Let a(q) = -10*q**2 - 159*q - 279. What is a(-16)?
-295
Let p(s) = -200*s - 8180. Determine p(-41).
20
Let g(x) = -x + 54. What is g(-26)?
80
Let l(v) = 15*v - 26. What is l(14)?
184
Let y(o) = 3*o**